(-470)/(-25) + 2/10?
17
Let s(h) = h**3 + 3*h**2 - 4*h + 4. Let t = 8 - 12. What is the remainder when s(-4) is divided by 4/3 - t/6?
0
Let y(d) be the second derivative of d**5/20 - d**4/2 - 5*d**3/3 - 5*d**2/2 + d. Suppose -2*o = o - 33. What is the remainder when y(8) is divided by o?
10
Let k(a) = 4*a + 6. Let p = 3 - 1. What is the remainder when k(7) is divided by ((-4)/10)/(p/(-90))?
16
Let a = 12 - 7. What is the remainder when 19 is divided by a?
4
Suppose 35 - 10 = 5*b. Suppose -338 - 47 = -b*p. Suppose 84 = 4*h + 4. Calculate the remainder when p is divided by h.
17
Let i be (-45)/18*4/(-5). Let j(a) = 9*a + 2. Calculate the remainder when j(i) is divided by 11.
9
Suppose 14*h - 254 + 30 = 0. What is the remainder when 30 is divided by h?
14
Let q be ((-2)/(-6))/(9/783). Let x = -21 + q. What is the remainder when x is divided by 3?
2
Let d(w) = -w + 24. Let h(x) = x**2 - 5*x - 1. Calculate the remainder when d(0) is divided by h(7).
11
Calculate the remainder when 222 is divided by (-179)/(-4) + 26/104.
42
Suppose -5*s - 3*v - 422 + 1541 = 0, -5*v = 10. What is the remainder when s is divided by 12?
9
Let v(k) = 2*k**2 - 8*k + 6. Calculate the remainder when v(5) is divided by 10.
6
Let q(m) = -47*m + 17. Let s(v) = -31*v + 11. Let p(u) = 5*q(u) - 8*s(u). Let z = 333 - 316. What is the remainder when p(4) is divided by z?
15
Let u be ((-56)/10)/(1/(-5)). Suppose -5*j - 2*w = -u, -j + 2*w - 6 = -2. What is the remainder when 1/(-3) + (-66)/(-9) is divided by j?
3
Suppose i - l = 2*i - 29, i = -2*l + 27. Calculate the remainder when i is divided by 16.
15
Let m(b) = 2*b**2 - 6*b - 6. What is the remainder when (-3)/(-12) - 438/(-8) is divided by m(5)?
13
Let z(g) = -g**2 - 11*g + 11. Calculate the remainder when 229 is divided by z(-10).
19
Suppose -4*c - 2*y = -0*y - 138, 0 = -3*c - 5*y + 100. Suppose 0 = -x - 2 - 1. Let z = c - x. Calculate the remainder when z is divided by 13.
12
Let u = -18 - -25. Calculate the remainder when 41 is divided by u.
6
Calculate the remainder when 6/(3 - 1) + 22 is divided by 9.
7
Let k be 38/((-13)/5 - -3). Suppose 4*c - k = -c. Calculate the remainder when c is divided by 10.
9
Let o be 20/(-70) + (-37)/(-7). Suppose -2*j + o = -21. Let b(q) = 3*q**2 + 5*q - 3. What is the remainder when b(-4) is divided by j?
12
Suppose v - 36 = -2*v. Suppose 0 = -10*t + v*t - 32. What is the remainder when 47 is divided by t?
15
Suppose -5*h + 62 = 2*u, -2*u + 24 = -2*h - 10. Calculate the remainder when u is divided by -2*(8/1)/(-2).
5
Let d = 83 + -69. What is the remainder when 111 is divided by d?
13
Suppose 5*u = 3*j - 49, 4*u - 22 = -4*j + 3*j. Let y be j/2*3/(-3). Let r = -1 - y. Calculate the remainder when 15 is divided by r.
7
Suppose 0 = 4*m - 9*m + 335. Calculate the remainder when m is divided by 17.
16
Suppose -2*v - v = 0. Suppose 4*a - 9 + 1 = v. Suppose 0 = a*t - 41 - 29. Calculate the remainder when t is divided by 12.
11
Let k be (-1)/((-3)/(-3)) - 69. Suppose -2*w - 3*w + 100 = 0. What is the remainder when w is divided by (k/4)/(-5)*2?
6
Suppose -2*g = 3*d - 3*g - 76, 4*d - g = 100. What is the remainder when 68 is divided by d?
20
Let s(o) = -2 + 1 + 12*o - 3*o**2 + 2*o**2. What is the remainder when s(5) is divided by (6/7)/(-2 + 301/147)?
16
Suppose 2 = l - 4. Suppose -25 = -o - 3*q, -3*o + 4*q = -l*o + 55. Suppose u + 14 = 3*u. What is the remainder when o is divided by u?
6
Let t = -3 - 59. Let q be -62*(-2)/(-8)*2. Let h = q - t. Calculate the remainder when h is divided by 11.
9
Let b be ((-5)/10)/((-2)/4). Let m be 2*b + 8/(-4). Let o = 5 + m. What is the remainder when 8 is divided by o?
3
Suppose 0 = 2*t - 0*t + 8. What is the remainder when 0 + (5 - 2) + 51 is divided by (-220)/(-12) - t/6?
16
Suppose 0 = -2*r - 110 + 32. Let a = -20 - r. Calculate the remainder when a is divided by 7.
5
Suppose 0*q = 2*q - 282. Let m = q - 85. Calculate the remainder when m is divided by 29.
27
Suppose 4*s + s - 28 = 2*i, -5*i - 32 = -3*s. What is the remainder when s is divided by 4/(-16)*(-72)/9?
0
Suppose -63 + 12 = -4*p - b, -3*b + 69 = 5*p. What is the remainder when p is divided by 5?
2
Suppose 2*y + 9 = -31. Let n = -7 - y. Calculate the remainder when n is divided by 4.
1
Let q(n) be the first derivative of n**3/3 - n + 3. Calculate the remainder when q(3) is divided by 5.
3
Suppose 5*b + 9 = 3*r, 0 = -4*r - 2*b + 24 + 14. Suppose s + 15 = 6*s. Suppose 27 = 2*v - s. Calculate the remainder when v is divided by r.
7
Let s = 7 + -13. Let a be s/8 + 1/(-4). Calculate the remainder when 1 is divided by 2 + -3 - 2/a.
0
Let c = 16 - 9. Let q(g) = 11*g + 3. Let n be q(c). Suppose 4*b = -4*z + n, -6*b - 20 = -z - 2*b. What is the remainder when z is divided by 7?
6
Suppose 4*t = -2 + 10. Suppose -28 = -t*c - 6. Calculate the remainder when 32 is divided by c.
10
Suppose 2*n - 54 = -2*q, 0 = -q + 3*q. What is the remainder when n is divided by 7?
6
Suppose -j - 149 = -3*v - 28, -163 = -4*v + j. Let a = -25 + v. Calculate the remainder when a is divided by ((-9)/4)/((-2)/8).
8
Let v = -20 - -35. Suppose 0 = -3*u + 33 - 3. Suppose 0 = -5*l + u, 0*j - j = -4*l. Calculate the remainder when v is divided by j.
7
Let a(y) = y**2 - 13*y + 7. Calculate the remainder when a(13) is divided by 2.
1
Let m(g) = -3*g - 1. Let x be m(-2). Let w(t) = -t**3 + 9*t**2 - 2*t - 7. Let r be w(x). Suppose -5*y + 67 = -r. What is the remainder when y is divided by 16?
14
Let w(x) = -x**2 + 4*x + 7. Suppose 2*l - l + z = -2, 0 = -3*l - 2*z - 2. Suppose -12 = -2*c - l. What is the remainder when 3 is divided by w(c)?
1
Suppose 3*d - 30 = 2*k, 3*k + 34 = 5*d - 17. What is the remainder when 178/8 + 3/(-12) is divided by d?
10
Let v(c) = -c**3 + 5*c**2 + 7*c + 2. Let z = 3 + 0. Let u be 17/z + (-4)/6. Calculate the remainder when v(u) is divided by 13.
11
Let z = -61 - -129. What is the remainder when z is divided by 10?
8
Let h = -19 - -20. Suppose 3*s - 2*t = -h + 18, 0 = 2*t - 10. Calculate the remainder when s is divided by 3.
0
Suppose 0 = -5*c - 3*j + 420, -3*c - 2*c = 5*j - 420. Suppose 10*b = 4*b + c. What is the remainder when b is divided by 8?
6
Let g(y) = 9*y**3 + y**2 - 2*y + 1. Suppose 2*d + 6 = -2*h, -2*h - 6 = -d + 3. Calculate the remainder when 26 is divided by g(d).
8
Let q(m) = 7*m**2 + 6*m + 6. Calculate the remainder when q(-4) is divided by 25.
19
Let b(n) = 9*n - 10. Calculate the remainder when 76 is divided by b(4).
24
Calculate the remainder when 106 is divided by 5*(0 - 54/(-10)).
25
Suppose 4*h - 3*k - 21 - 106 = 0, -4*h - k + 139 = 0. Calculate the remainder when h is divided by 7.
6
Suppose 2*x + x - a = 75, -2*x = -a - 50. Let d be (20/x)/((-2)/15). Let q(k) = k**2 + 5*k + 9. Calculate the remainder when 44 is divided by q(d).
14
Suppose 37 = -c + 56. Calculate the remainder when 37 is divided by c.
18
Let s be ((-6)/3)/4*34. Let m = s - -26. Calculate the remainder when (-117)/(-7) - 2/(-7) is divided by m.
8
Suppose -d - 2*d + 12 = 0. Suppose d*a - 17 = 91. Calculate the remainder when a is divided by 14.
13
Let m = -119 - -144. Calculate the remainder when 49 is divided by m.
24
Suppose 2*w - 3*u - 10 = 0, 4*w - 3*w = 2*u + 6. Suppose -2*l = -7*l + 4*t + 90, -w*l = 3*t - 59. Calculate the remainder when l is divided by 6.
4
Let w(p) = p**2 - 5*p + 6. Let x = 14 + -10. Let b be w(x). What is the remainder when 20 is divided by (4/(-12))/(b/(-66))?
9
Suppose 2*d - k - 54 = k, 5*d + 5*k - 125 = 0. What is the remainder when 103 is divided by d?
25
Suppose -z - 29 = 2*f - 4*f, f + 3 = -3*z. What is the remainder when 82 is divided by f?
10
Suppose -11 = -2*d + 39. Calculate the remainder when d is divided by 7.
4
Suppose 0 = 2*t - 0 - 8. Suppose -i + 6*i - 6 = v, 26 = t*v + 5*i. Suppose -15 = -3*p + 18. Calculate the remainder when p is divided by v.
3
Let u(n) = 4*n - 1. Let w be u(-2). Let s = w - -17. Calculate the remainder when s is divided by -9*2/(-3) - 1.
3
Let l(j) = -j**2 + 12*j - 4. Let p = 16 - 51. What is the remainder when l(5) is divided by 112/10 + 7/p?
9
Suppose -2*r + 200 = -4*r. Let m = -32 - -50. What is the remainder when m is divided by (-8)/10*r/8?
8
Suppose 4*z - 3*z - 1 = 0. Let g = 11 + z. Suppose 0 = -i + 3*b + 4, -4*i + 21 + 5 = -2*b. Calculate the remainder when